{"id":59,"date":"2018-07-16T10:20:09","date_gmt":"2018-07-16T10:20:09","guid":{"rendered":"http:\/\/demo.acmethemes.com\/lawyer-zone\/?page_id=59"},"modified":"2020-04-01T18:40:48","modified_gmt":"2020-04-01T18:40:48","slug":"fernando-od-rocha","status":"publish","type":"page","link":"https:\/\/odrochaematos.com.br\/site\/index.php\/fernando-od-rocha\/","title":{"rendered":"Fernando Domit Od Rocha"},"content":{"rendered":"<p style=\"text-align: justify;\">Advogado, bacharel em Direito e Rela\u00e7\u00f5es Internacionais pelo Centro Universit\u00e1rio Curitiba (Unicuritiba), com viv\u00eancia profissional nas \u00e1reas jur\u00eddica e administrativa, de empresas e escrit\u00f3rios, atuando como consultor jur\u00eddico e advogado, elaborando pareceres t\u00e9cnico-jur\u00eddico, com estudos em teses e jurisprud\u00eancias atualizadas, proporcionando aos clientes seguran\u00e7a e maior esclarecimento dos fatos, o que possibilita aplicar o procedimento mais adequado para solu\u00e7\u00e3o dos lit\u00edgios. Det\u00e9m extenso conhecimento para elabora\u00e7\u00e3o e apresenta\u00e7\u00e3o de peti\u00e7\u00f5es e recursos espec\u00edficos nas \u00e1reas Trabalhista, C\u00edvel e Contratual. Atua e acompanha com seriedade os processos em todas as suas fases, junto aos \u00f3rg\u00e3os judiciais, p\u00fablicos e administrativos.<\/p>\n<hr>\n<h5>EMAIL<\/h5>\n<p><a href=\"mailto:fernando@odrochaematos.com.br\">fernando@odrochaematos.com.br<\/a><\/p>\n","protected":false},"excerpt":{"rendered":"<p><a href='https:\/\/odrochaematos.com.br\/site\/index.php\/fernando-od-rocha\/'>Clique para saber mais<\/a><\/p>\n","protected":false},"author":1,"featured_media":384,"parent":0,"menu_order":0,"comment_status":"closed","ping_status":"closed","template":"","meta":{"footnotes":""},"class_list":["post-59","page","type-page","status-publish","has-post-thumbnail","hentry"],"_links":{"self":[{"href":"https:\/\/odrochaematos.com.br\/site\/index.php\/wp-json\/wp\/v2\/pages\/59","targetHints":{"allow":["GET"]}}],"collection":[{"href":"https:\/\/odrochaematos.com.br\/site\/index.php\/wp-json\/wp\/v2\/pages"}],"about":[{"href":"https:\/\/odrochaematos.com.br\/site\/index.php\/wp-json\/wp\/v2\/types\/page"}],"author":[{"embeddable":true,"href":"https:\/\/odrochaematos.com.br\/site\/index.php\/wp-json\/wp\/v2\/users\/1"}],"replies":[{"embeddable":true,"href":"https:\/\/odrochaematos.com.br\/site\/index.php\/wp-json\/wp\/v2\/comments?post=59"}],"version-history":[{"count":13,"href":"https:\/\/odrochaematos.com.br\/site\/index.php\/wp-json\/wp\/v2\/pages\/59\/revisions"}],"predecessor-version":[{"id":413,"href":"https:\/\/odrochaematos.com.br\/site\/index.php\/wp-json\/wp\/v2\/pages\/59\/revisions\/413"}],"wp:featuredmedia":[{"embeddable":true,"href":"https:\/\/odrochaematos.com.br\/site\/index.php\/wp-json\/wp\/v2\/media\/384"}],"wp:attachment":[{"href":"https:\/\/odrochaematos.com.br\/site\/index.php\/wp-json\/wp\/v2\/media?parent=59"}],"curies":[{"name":"wp","href":"https:\/\/api.w.org\/{rel}","templated":true}]}}