{"id":76,"date":"2018-07-16T10:30:25","date_gmt":"2018-07-16T10:30:25","guid":{"rendered":"http:\/\/demo.acmethemes.com\/lawyer-zone\/?page_id=76"},"modified":"2022-02-02T16:15:18","modified_gmt":"2022-02-02T16:15:18","slug":"what-services-do-we-provide","status":"publish","type":"page","link":"https:\/\/odrochaematos.com.br\/site\/index.php\/what-services-do-we-provide\/","title":{"rendered":"Como evitar o elevado n\u00famero de a\u00e7\u00f5es trabalhistas?"},"content":{"rendered":"<p style=\"text-align: justify;\">O melhor caminho \u00e9 sempre o preventivo. Al\u00e9m de mais barato, evita a cria\u00e7\u00e3o de precedentes contra a empresa. \u00c9 comum que as empresas tenham uma infinidade de a\u00e7\u00f5es apenas por j\u00e1 ter se tornado comum sair daquele determinado local e postular por a\u00e7\u00f5es judiciais. O meio de eliminar esse estigma, \u00e9 atrav\u00e9s da ado\u00e7\u00e3o de um projeto <em>compliance, <\/em>analisando todos os processos da empresa e anulando\/minorando riscos.<\/p>\n","protected":false},"excerpt":{"rendered":"<p>O melhor caminho \u00e9 sempre o preventivo. Al\u00e9m de mais barato, evita a cria\u00e7\u00e3o de precedentes contra a empresa. \u00c9 comum que as empresas tenham uma infinidade de a\u00e7\u00f5es apenas por j\u00e1 ter se tornado comum sair daquele determinado local e postular por a\u00e7\u00f5es judiciais. O meio de eliminar esse estigma, \u00e9 atrav\u00e9s da ado\u00e7\u00e3o [&hellip;]<\/p>\n","protected":false},"author":1,"featured_media":0,"parent":0,"menu_order":0,"comment_status":"closed","ping_status":"closed","template":"","meta":{"footnotes":""},"class_list":["post-76","page","type-page","status-publish","hentry"],"_links":{"self":[{"href":"https:\/\/odrochaematos.com.br\/site\/index.php\/wp-json\/wp\/v2\/pages\/76","targetHints":{"allow":["GET"]}}],"collection":[{"href":"https:\/\/odrochaematos.com.br\/site\/index.php\/wp-json\/wp\/v2\/pages"}],"about":[{"href":"https:\/\/odrochaematos.com.br\/site\/index.php\/wp-json\/wp\/v2\/types\/page"}],"author":[{"embeddable":true,"href":"https:\/\/odrochaematos.com.br\/site\/index.php\/wp-json\/wp\/v2\/users\/1"}],"replies":[{"embeddable":true,"href":"https:\/\/odrochaematos.com.br\/site\/index.php\/wp-json\/wp\/v2\/comments?post=76"}],"version-history":[{"count":3,"href":"https:\/\/odrochaematos.com.br\/site\/index.php\/wp-json\/wp\/v2\/pages\/76\/revisions"}],"predecessor-version":[{"id":426,"href":"https:\/\/odrochaematos.com.br\/site\/index.php\/wp-json\/wp\/v2\/pages\/76\/revisions\/426"}],"wp:attachment":[{"href":"https:\/\/odrochaematos.com.br\/site\/index.php\/wp-json\/wp\/v2\/media?parent=76"}],"curies":[{"name":"wp","href":"https:\/\/api.w.org\/{rel}","templated":true}]}}